{"id":343,"date":"2019-02-08T18:01:30","date_gmt":"2019-02-08T17:01:30","guid":{"rendered":"https:\/\/www.musikvereinigung-tiefenbach.de\/?page_id=343"},"modified":"2019-02-12T22:56:37","modified_gmt":"2019-02-12T21:56:37","slug":"chronik","status":"publish","type":"page","link":"https:\/\/www.musikvereinigung-tiefenbach.de\/?page_id=343","title":{"rendered":"Chronik"},"content":{"rendered":"<p><\/p>\n<p>Alten \u00dcberlieferungen zufolge bestand <strong>bereits im 19. Jahrhundert<\/strong> eine Musikkapelle in unserem Dorf, die allerdings um die Jahrhundertwende aufgrund von Wegz\u00fcgen und Todesf\u00e4llen von Musikern nicht mehr bestehen konnte.<\/p>\n<p><\/p>\n<p><\/p>\n<p>Die Musikvereinigung Tiefenbach wurde dann im <strong>Mai 1921<\/strong> von acht musikbegeisterten Jungens ins Leben gerufen. Als Gr\u00fcndungsmitglieder aufgezeichnet sind <strong>Hans Leopold, Josef Kl\u00f6ckler, Hans Bader, Karl Konrad, Rudolf Mack, Josef Mayer, Sebastian Miller <\/strong>und <strong>Georg W\u00f6hr<\/strong>. Die Herren <strong>Ludwig Mayer<\/strong> und <strong>Johann Priem<\/strong> verhalfen dem Vorhaben durch finanzielle Unterst\u00fctzung zum Erfolg. <\/p>\n<p><\/p>\n<p><\/p>\n<p><\/p>\n<p>Zum Vorsitzenden wurde <strong>Sebastian Miller<\/strong> berufen, als Dirigent konnte <strong>Blasius S\u00fc\u00dfegger aus Au<\/strong> gewonnen werden. In der Folgezeit belegen Teilnahmen an Wertungsspielen in Neu-Ulm, Krumbach, sowie in V\u00f6hringen, Au und Jedesheim die stetige Aufw\u00e4rtsentwicklung der Kapelle. Der erste H\u00f6hepunkt der Kapelle war das <strong>Bezirksmusikfest 1929 in Tiefenbach<\/strong>.<\/p>\n<p><\/p>\n<p><\/p>\n<p>Der zweite Weltkrieg brachte die musikalische Arbeit in Tiefenbach weitgehend zum Erliegen, doch nach Kriegsende konnte mit <strong>Vorstand Max Seitz<\/strong> und <strong>Dirigent Xaver Bader<\/strong> bald wieder an die Erfolge fr\u00fcherer Jahre angekn\u00fcpft werden.<\/p>\n<p><\/p>\n<p><\/p>\n<p>Im Jahr 1954 pr\u00e4sentierten sich die Tiefenbacher Musiker erstmals in <strong>schw\u00e4bischer Trachtenkleidung<\/strong>, danach ann\u00e4hernd f\u00fcr zwei Jahrzehnte, \u00fcbernahmen <strong>Anton Mack als Vorsitzender<\/strong> und <strong>Josef Egerer als Dirigent<\/strong> die F\u00fchrung des Vereins. Zus\u00e4tzlich zur Vorstandschaft<strong> bildete Anton Mack jahrzehntelang den Tiefenbacher Musikernachwuchs au<\/strong>s.<\/p>\n<p><\/p>\n<p><\/p>\n<p>Erstmals in der Vereinsgeschichte verzeichnet die Chronik im Jahre 1966 die Ausbildung von M\u00e4dchen zu aktiven Musikern, die heute zum festen Bestandteil des Klangk\u00f6rpers z\u00e4hlen.<br \/>In den Folgejahren wurde der Verein von den <strong>Vorst\u00e4nden Franz Zoller<\/strong>, <strong>Josef Mille<\/strong>r und <strong>Werner Pre<\/strong>m gef\u00fchrt, die musikalische Leitung \u00fcbernahmen die <strong>Dirigenten Gebhard Wekemann<\/strong>, <strong>Renate Kl\u00f6ckler<\/strong> und <strong>Joachim Plocica. Josef Miller<\/strong> wurde aufgrund seiner \u00fcber 10-j\u00e4hrigen Vorstandsarbeit nach Beendigung seiner Amtszeit 1989 zum <strong>Ehrenvorstand<\/strong> ernannt.<\/p>\n<p><\/p>\n<p><\/p>\n<p><\/p>\n<p>Eine Kapelle mit sehr gutem Leistungsstand unter der Leitung von Joachim Plocica konnte <strong>Hubert B\u00f6ck<\/strong> bei seiner Wahl zum 1. Vorsitzenden 1991 \u00fcbernehmen. In seiner 16-j\u00e4hrigen Amtszeit von 1991 bis 2009 sorgten nach Joachim Plocica die <strong>Dirgenten Ernst Strang<\/strong> und <strong>J\u00fcrgen Laib<\/strong> f\u00fcr das musikalische Niveau der Kapelle. W\u00e4hrend dieser Zeit wurde Hubert B\u00f6ck zwei Jahre lang von <strong>Helmut Karg<\/strong> im Amt vertreten.<\/p>\n<p><\/p>\n<p><\/p>\n<p>Im Januar 2009 \u00fcbernahm <strong>Christian Rosteck<\/strong> den Vorsitz, im Jahr 2006 konnte <strong>Vasyl Zakopets als Dirigent<\/strong> gewonnen werden. Er schaffte es, sein musikalisches Wissen auf die Kapelle zu \u00fcbertragen und die Musikvereinigung konnte so erfolgreiche Konzerte und ein Wertungsspiel bestreiten. Im Sommer 2009 beendete er allerdings aufgrund anderweitiger Angebote sein Engagement.<\/p>\n<p><\/p>\n<p><\/p>\n<p>Im Anschluss dirigierte <strong>Bernhard Prei\u00df<\/strong> f\u00fcr die Dauer eines Jahres die Kapelle, was dann in gegenseitigem Einvernehmen wieder beendet wurde.<\/p>\n<p><\/p>\n<p><\/p>\n<figure class=\"wp-block-image\"><img loading=\"lazy\" decoding=\"async\" width=\"1024\" height=\"489\" src=\"https:\/\/www.musikvereinigung-tiefenbach.de\/wp-content\/uploads\/2019\/02\/DSC02488-e1549644892390-1024x489.jpg\" alt=\"\" class=\"wp-image-348\" srcset=\"https:\/\/www.musikvereinigung-tiefenbach.de\/wp-content\/uploads\/2019\/02\/DSC02488-e1549644892390-1024x489.jpg 1024w, https:\/\/www.musikvereinigung-tiefenbach.de\/wp-content\/uploads\/2019\/02\/DSC02488-e1549644892390-300x143.jpg 300w, https:\/\/www.musikvereinigung-tiefenbach.de\/wp-content\/uploads\/2019\/02\/DSC02488-e1549644892390-768x367.jpg 768w\" sizes=\"(max-width: 1024px) 100vw, 1024px\" \/><figcaption>Die Musikvereinigung mit Dirigent Hubert Glogger zum 90-j\u00e4hrigen Jubli\u00e4um 2011.<\/figcaption><\/figure>\n<p><\/p>\n<p><\/p>\n<p><p>Nach einer etwas schwierigen Zeit, in der man auf Dirigentensuche war und, wie so oft, <strong>Helmut Karg den Dirigentenstab<\/strong> \u00fcbergangsweise \u00fcbernahm, konnte <strong>Hubert Glogger aus Attenhofen 2011<\/strong> f\u00fcr das Amt des Dirigenten gewonnen werden. <br \/>Gleichzeitig wechselte das Amt des Vorsitzenden zu <strong>Stefan Winkler.<\/strong><br \/>Mit einem traditionellen Weihnachtskonzert in der St. Antonius-Kirche in Tiefenbach wechselte dann Dirigent Hubert Glogger zur\u00fcck ans Fl\u00fcgelhorn in unsere Reihen.<\/p>\n<\/p>\n<p><\/p>\n<p><\/p>\n<p><p>Aussichtlos schien die Lage zun\u00e4chst, <strong>Michaela Weber<\/strong> jedoch \u00fcbernahm die Leitung f\u00fcr ein Jahr, bis dann <strong>Martin Eittinger<\/strong> f\u00fcr die T\u00e4tigkeit bereit stand und heute die musikalische Verantwortung tr\u00e4gt. <\/p>\n<\/p>\n<p><\/p>\n<p><\/p>\n<p> 2014 \u00fcbernimmt der damalige Stellvertreter <strong>Raphael Sedlak<\/strong> den Vorsitz und leitet bis heute den Verein.<\/p>\n<p><\/p>\n","protected":false},"excerpt":{"rendered":"<p>Alten \u00dcberlieferungen zufolge bestand bereits im 19. Jahrhundert eine Musikkapelle in unserem Dorf, die allerdings um die Jahrhundertwende aufgrund von Wegz\u00fcgen und Todesf\u00e4llen von Musikern nicht mehr bestehen konnte. Die Musikvereinigung Tiefenbach wurde dann im Mai 1921 von acht musikbegeisterten Jungens ins Leben gerufen. Als Gr\u00fcndungsmitglieder aufgezeichnet sind Hans Leopold, Josef Kl\u00f6ckler, Hans Bader, Karl [&hellip;]<\/p>\n","protected":false},"author":1,"featured_media":0,"parent":0,"menu_order":0,"comment_status":"closed","ping_status":"closed","template":"","meta":{"footnotes":""},"_links":{"self":[{"href":"https:\/\/www.musikvereinigung-tiefenbach.de\/index.php?rest_route=\/wp\/v2\/pages\/343"}],"collection":[{"href":"https:\/\/www.musikvereinigung-tiefenbach.de\/index.php?rest_route=\/wp\/v2\/pages"}],"about":[{"href":"https:\/\/www.musikvereinigung-tiefenbach.de\/index.php?rest_route=\/wp\/v2\/types\/page"}],"author":[{"embeddable":true,"href":"https:\/\/www.musikvereinigung-tiefenbach.de\/index.php?rest_route=\/wp\/v2\/users\/1"}],"replies":[{"embeddable":true,"href":"https:\/\/www.musikvereinigung-tiefenbach.de\/index.php?rest_route=%2Fwp%2Fv2%2Fcomments&post=343"}],"version-history":[{"count":11,"href":"https:\/\/www.musikvereinigung-tiefenbach.de\/index.php?rest_route=\/wp\/v2\/pages\/343\/revisions"}],"predecessor-version":[{"id":382,"href":"https:\/\/www.musikvereinigung-tiefenbach.de\/index.php?rest_route=\/wp\/v2\/pages\/343\/revisions\/382"}],"wp:attachment":[{"href":"https:\/\/www.musikvereinigung-tiefenbach.de\/index.php?rest_route=%2Fwp%2Fv2%2Fmedia&parent=343"}],"curies":[{"name":"wp","href":"https:\/\/api.w.org\/{rel}","templated":true}]}}

<p></p>
<p>Alten Überlieferungen zufolge bestand <strong>bereits im 19. Jahrhundert</strong> eine Musikkapelle in unserem Dorf, die allerdings um die Jahrhundertwende aufgrund von Wegzügen und Todesfällen von Musikern nicht mehr bestehen konnte.</p>
<p></p>
<p></p>
<p>Die Musikvereinigung Tiefenbach wurde dann im <strong>Mai 1921</strong> von acht musikbegeisterten Jungens ins Leben gerufen. Als Gründungsmitglieder aufgezeichnet sind <strong>Hans Leopold, Josef Klöckler, Hans Bader, Karl Konrad, Rudolf Mack, Josef Mayer, Sebastian Miller </strong>und <strong>Georg Wöhr</strong>. Die Herren <strong>Ludwig Mayer</strong> und <strong>Johann Priem</strong> verhalfen dem Vorhaben durch finanzielle Unterstützung zum Erfolg. </p>
<p></p>
<p></p>
<p></p>
<p>Zum Vorsitzenden wurde <strong>Sebastian Miller</strong> berufen, als Dirigent konnte <strong>Blasius Süßegger aus Au</strong> gewonnen werden. In der Folgezeit belegen Teilnahmen an Wertungsspielen in Neu-Ulm, Krumbach, sowie in Vöhringen, Au und Jedesheim die stetige Aufwärtsentwicklung der Kapelle. Der erste Höhepunkt der Kapelle war das <strong>Bezirksmusikfest 1929 in Tiefenbach</strong>.</p>
<p></p>
<p></p>
<p>Der zweite Weltkrieg brachte die musikalische Arbeit in Tiefenbach weitgehend zum Erliegen, doch nach Kriegsende konnte mit <strong>Vorstand Max Seitz</strong> und <strong>Dirigent Xaver Bader</strong> bald wieder an die Erfolge früherer Jahre angeknüpft werden.</p>
<p></p>
<p></p>
<p>Im Jahr 1954 präsentierten sich die Tiefenbacher Musiker erstmals in <strong>schwäbischer Trachtenkleidung</strong>, danach annähernd für zwei Jahrzehnte, übernahmen <strong>Anton Mack als Vorsitzender</strong> und <strong>Josef Egerer als Dirigent</strong> die Führung des Vereins. Zusätzlich zur Vorstandschaft<strong> bildete Anton Mack jahrzehntelang den Tiefenbacher Musikernachwuchs au</strong>s.</p>
<p></p>
<p></p>
<p>Erstmals in der Vereinsgeschichte verzeichnet die Chronik im Jahre 1966 die Ausbildung von Mädchen zu aktiven Musikern, die heute zum festen Bestandteil des Klangkörpers zählen.<br />In den Folgejahren wurde der Verein von den <strong>Vorständen Franz Zoller</strong>, <strong>Josef Mille</strong>r und <strong>Werner Pre</strong>m geführt, die musikalische Leitung übernahmen die <strong>Dirigenten Gebhard Wekemann</strong>, <strong>Renate Klöckler</strong> und <strong>Joachim Plocica. Josef Miller</strong> wurde aufgrund seiner über 10-jährigen Vorstandsarbeit nach Beendigung seiner Amtszeit 1989 zum <strong>Ehrenvorstand</strong> ernannt.</p>
<p></p>
<p></p>
<p></p>
<p>Eine Kapelle mit sehr gutem Leistungsstand unter der Leitung von Joachim Plocica konnte <strong>Hubert Böck</strong> bei seiner Wahl zum 1. Vorsitzenden 1991 übernehmen. In seiner 16-jährigen Amtszeit von 1991 bis 2009 sorgten nach Joachim Plocica die <strong>Dirgenten Ernst Strang</strong> und <strong>Jürgen Laib</strong> für das musikalische Niveau der Kapelle. Während dieser Zeit wurde Hubert Böck zwei Jahre lang von <strong>Helmut Karg</strong> im Amt vertreten.</p>
<p></p>
<p></p>
<p>Im Januar 2009 übernahm <strong>Christian Rosteck</strong> den Vorsitz, im Jahr 2006 konnte <strong>Vasyl Zakopets als Dirigent</strong> gewonnen werden. Er schaffte es, sein musikalisches Wissen auf die Kapelle zu übertragen und die Musikvereinigung konnte so erfolgreiche Konzerte und ein Wertungsspiel bestreiten. Im Sommer 2009 beendete er allerdings aufgrund anderweitiger Angebote sein Engagement.</p>
<p></p>
<p></p>
<p>Im Anschluss dirigierte <strong>Bernhard Preiß</strong> für die Dauer eines Jahres die Kapelle, was dann in gegenseitigem Einvernehmen wieder beendet wurde.</p>
<p></p>
<p></p>
<figure class="wp-block-image"><img loading="lazy" decoding="async" width="1024" height="489" src="https://www.musikvereinigung-tiefenbach.de/wp-content/uploads/2019/02/DSC02488-e1549644892390-1024x489.jpg" alt="" class="wp-image-348" srcset="https://www.musikvereinigung-tiefenbach.de/wp-content/uploads/2019/02/DSC02488-e1549644892390-1024x489.jpg 1024w, https://www.musikvereinigung-tiefenbach.de/wp-content/uploads/2019/02/DSC02488-e1549644892390-300x143.jpg 300w, https://www.musikvereinigung-tiefenbach.de/wp-content/uploads/2019/02/DSC02488-e1549644892390-768x367.jpg 768w" sizes="(max-width: 1024px) 100vw, 1024px" /><figcaption>Die Musikvereinigung mit Dirigent Hubert Glogger zum 90-jährigen Jubliäum 2011.</figcaption></figure>
<p></p>
<p></p>
<p><p>Nach einer etwas schwierigen Zeit, in der man auf Dirigentensuche war und, wie so oft, <strong>Helmut Karg den Dirigentenstab</strong> übergangsweise übernahm, konnte <strong>Hubert Glogger aus Attenhofen 2011</strong> für das Amt des Dirigenten gewonnen werden. <br />Gleichzeitig wechselte das Amt des Vorsitzenden zu <strong>Stefan Winkler.</strong><br />Mit einem traditionellen Weihnachtskonzert in der St. Antonius-Kirche in Tiefenbach wechselte dann Dirigent Hubert Glogger zurück ans Flügelhorn in unsere Reihen.</p>
</p>
<p></p>
<p></p>
<p><p>Aussichtlos schien die Lage zunächst, <strong>Michaela Weber</strong> jedoch übernahm die Leitung für ein Jahr, bis dann <strong>Martin Eittinger</strong> für die Tätigkeit bereit stand und heute die musikalische Verantwortung trägt. </p>
</p>
<p></p>
<p></p>
<p> 2014 übernimmt der damalige Stellvertreter <strong>Raphael Sedlak</strong> den Vorsitz und leitet bis heute den Verein.</p>
<p></p>

<p>Alten Überlieferungen zufolge bestand bereits im 19. Jahrhundert eine Musikkapelle in unserem Dorf, die allerdings um die Jahrhundertwende aufgrund von Wegzügen und Todesfällen von Musikern nicht mehr bestehen konnte. Die Musikvereinigung Tiefenbach wurde dann im Mai 1921 von acht musikbegeisterten Jungens ins Leben gerufen. Als Gründungsmitglieder aufgezeichnet sind Hans Leopold, Josef Klöckler, Hans Bader, Karl [&hellip;]</p>
