{"id":386,"date":"2019-02-14T20:57:59","date_gmt":"2019-02-14T19:57:59","guid":{"rendered":"https:\/\/www.musikvereinigung-tiefenbach.de\/?page_id=386"},"modified":"2019-02-14T20:58:00","modified_gmt":"2019-02-14T19:58:00","slug":"jugendarbeit","status":"publish","type":"page","link":"https:\/\/www.musikvereinigung-tiefenbach.de\/?page_id=386","title":{"rendered":"Jugendarbeit"},"content":{"rendered":"<p><\/p>\n<ul class=\"wp-block-gallery alignright columns-1 is-cropped wp-block-gallery-1 is-layout-flex wp-block-gallery-is-layout-flex\">\n<li class=\"blocks-gallery-item\">\n<figure><img loading=\"lazy\" decoding=\"async\" width=\"1024\" height=\"768\" src=\"https:\/\/www.musikvereinigung-tiefenbach.de\/wp-content\/uploads\/2019\/02\/IMG_1196-1024x768.jpg\" alt=\"\" data-id=\"397\" data-link=\"https:\/\/www.musikvereinigung-tiefenbach.de\/?attachment_id=397\" class=\"wp-image-397\" srcset=\"https:\/\/www.musikvereinigung-tiefenbach.de\/wp-content\/uploads\/2019\/02\/IMG_1196-1024x768.jpg 1024w, https:\/\/www.musikvereinigung-tiefenbach.de\/wp-content\/uploads\/2019\/02\/IMG_1196-300x225.jpg 300w, https:\/\/www.musikvereinigung-tiefenbach.de\/wp-content\/uploads\/2019\/02\/IMG_1196-768x576.jpg 768w\" sizes=\"(max-width: 1024px) 100vw, 1024px\" \/><\/figure>\n<\/li>\n<li class=\"blocks-gallery-item\">\n<figure><img loading=\"lazy\" decoding=\"async\" width=\"1024\" height=\"768\" src=\"https:\/\/www.musikvereinigung-tiefenbach.de\/wp-content\/uploads\/2019\/02\/IMG_1199-1024x768.jpg\" alt=\"\" data-id=\"398\" data-link=\"https:\/\/www.musikvereinigung-tiefenbach.de\/?attachment_id=398\" class=\"wp-image-398\" srcset=\"https:\/\/www.musikvereinigung-tiefenbach.de\/wp-content\/uploads\/2019\/02\/IMG_1199-1024x768.jpg 1024w, https:\/\/www.musikvereinigung-tiefenbach.de\/wp-content\/uploads\/2019\/02\/IMG_1199-300x225.jpg 300w, https:\/\/www.musikvereinigung-tiefenbach.de\/wp-content\/uploads\/2019\/02\/IMG_1199-768x576.jpg 768w\" sizes=\"(max-width: 1024px) 100vw, 1024px\" \/><\/figure>\n<\/li>\n<li class=\"blocks-gallery-item\">\n<figure><img loading=\"lazy\" decoding=\"async\" width=\"768\" height=\"1024\" src=\"https:\/\/www.musikvereinigung-tiefenbach.de\/wp-content\/uploads\/2019\/02\/IMG_1197-e1550174118784-768x1024.jpg\" alt=\"\" data-id=\"399\" data-link=\"https:\/\/www.musikvereinigung-tiefenbach.de\/?attachment_id=399\" class=\"wp-image-399\" srcset=\"https:\/\/www.musikvereinigung-tiefenbach.de\/wp-content\/uploads\/2019\/02\/IMG_1197-e1550174118784-768x1024.jpg 768w, https:\/\/www.musikvereinigung-tiefenbach.de\/wp-content\/uploads\/2019\/02\/IMG_1197-e1550174118784-225x300.jpg 225w\" sizes=\"(max-width: 768px) 100vw, 768px\" \/><\/figure>\n<\/li>\n<\/ul>\n<p><\/p>\n<p><\/p>\n<p style=\"text-align:left\">Fest verankert in unserer Jugendarbeit sind selbstverst\u00e4ndlich auch <strong>Aktivit\u00e4ten neben der Musik<\/strong>. Durch die Tatsache, dass die Musikausbildung zu Beginn ein eher eigenst\u00e4ndiges Hobby darstellt, versuchen wir <strong>fr\u00fchzeitig die Bindung und Integration<\/strong> zur Musikvereinigung Tiefenbach zu f\u00f6rdern.<br \/>Ausfl\u00fcge zum SUP, Filmn\u00e4chte im Proberaum und Teambuilding beim Klettern bringen unsere Jungmusiker untereinander in Kontakt und sind jedesmal ein Spa\u00dfgarant.<\/p>\n<p><\/p>\n<p><\/p>\n<p>Auch das<strong> gemeinsame Musizieren<\/strong> finden wir \u00e4u\u00dferst wichtig. Daher versuchen sowohl Jugendleitung, als auch Dirigent der Musikvereinigung Tiefenbach jede Gelegenheit zu nutzen, um den<strong> jungen K\u00fcnstlern eine B\u00fchne zu geben<\/strong> ihr K\u00f6nnen zu zeigen. <br \/>Auftritte beim Weihnachtsmarkt mit der aktiven Kapelle, Umrahmung des Seniorennachmittags, aber auch Auftritte beim Tiefenbacher Dorffest bilden musikalische Highlights unseres Nachwuchses. <\/p>\n<p><\/p>\n<p><\/p>\n<p><\/p>\n","protected":false},"excerpt":{"rendered":"<p>Fest verankert in unserer Jugendarbeit sind selbstverst\u00e4ndlich auch Aktivit\u00e4ten neben der Musik. Durch die Tatsache, dass die Musikausbildung zu Beginn ein eher eigenst\u00e4ndiges Hobby darstellt, versuchen wir fr\u00fchzeitig die Bindung und Integration zur Musikvereinigung Tiefenbach zu f\u00f6rdern.Ausfl\u00fcge zum SUP, Filmn\u00e4chte im Proberaum und Teambuilding beim Klettern bringen unsere Jungmusiker untereinander in Kontakt und sind jedesmal [&hellip;]<\/p>\n","protected":false},"author":1,"featured_media":0,"parent":0,"menu_order":0,"comment_status":"closed","ping_status":"closed","template":"","meta":{"footnotes":""},"_links":{"self":[{"href":"https:\/\/www.musikvereinigung-tiefenbach.de\/index.php?rest_route=\/wp\/v2\/pages\/386"}],"collection":[{"href":"https:\/\/www.musikvereinigung-tiefenbach.de\/index.php?rest_route=\/wp\/v2\/pages"}],"about":[{"href":"https:\/\/www.musikvereinigung-tiefenbach.de\/index.php?rest_route=\/wp\/v2\/types\/page"}],"author":[{"embeddable":true,"href":"https:\/\/www.musikvereinigung-tiefenbach.de\/index.php?rest_route=\/wp\/v2\/users\/1"}],"replies":[{"embeddable":true,"href":"https:\/\/www.musikvereinigung-tiefenbach.de\/index.php?rest_route=%2Fwp%2Fv2%2Fcomments&post=386"}],"version-history":[{"count":4,"href":"https:\/\/www.musikvereinigung-tiefenbach.de\/index.php?rest_route=\/wp\/v2\/pages\/386\/revisions"}],"predecessor-version":[{"id":401,"href":"https:\/\/www.musikvereinigung-tiefenbach.de\/index.php?rest_route=\/wp\/v2\/pages\/386\/revisions\/401"}],"wp:attachment":[{"href":"https:\/\/www.musikvereinigung-tiefenbach.de\/index.php?rest_route=%2Fwp%2Fv2%2Fmedia&parent=386"}],"curies":[{"name":"wp","href":"https:\/\/api.w.org\/{rel}","templated":true}]}}